{"id":544,"date":"2018-02-12T14:40:57","date_gmt":"2018-02-12T14:40:57","guid":{"rendered":"http:\/\/julianvasquez.com.co\/?page_id=544"},"modified":"2022-06-07T16:33:04","modified_gmt":"2022-06-07T16:33:04","slug":"inicio","status":"publish","type":"page","link":"https:\/\/julianvasquez.com.co\/","title":{"rendered":"Inicio"},"content":{"rendered":"<style>\/*! elementor - v3.6.5 - 27-04-2022 *\/\n.elementor-heading-title{padding:0;margin:0;line-height:1}.elementor-widget-heading .elementor-heading-title[class*=elementor-size-]>a{color:inherit;font-size:inherit;line-height:inherit}.elementor-widget-heading .elementor-heading-title.elementor-size-small{font-size:15px}.elementor-widget-heading .elementor-heading-title.elementor-size-medium{font-size:19px}.elementor-widget-heading .elementor-heading-title.elementor-size-large{font-size:29px}.elementor-widget-heading .elementor-heading-title.elementor-size-xl{font-size:39px}.elementor-widget-heading .elementor-heading-title.elementor-size-xxl{font-size:59px}<\/style>\n<h1>Construyamos juntos una Antioquia con oportunidades<\/h1>\n<p><strong>Antioquia<\/strong> est\u00e1 en un momento decisivo de su historia. Tenemos la oportunidad de <strong>transformar<\/strong> nuestras capacidades en <strong>desarrollo<\/strong> social y equidad, pero eso solo lo lograremos si trabajamos <strong>unidos<\/strong> por el <strong>futuro<\/strong> de nuestro departamento.<\/p>\n<p>\t\t\t<a href=\"http:\/\/wa.me\/+573213905302\" role=\"button\"><br \/>\n\t\t\t\t\t\tQuiero aportar una Idea<br \/>\n\t\t\t\t\t<\/a><\/p>\n<h2>Ideas para el futuro<\/h2>\n<style>\/*! elementor - v3.6.5 - 27-04-2022 *\/\n.elementor-widget-divider{--divider-border-style:none;--divider-border-width:1px;--divider-color:#2c2c2c;--divider-icon-size:20px;--divider-element-spacing:10px;--divider-pattern-height:24px;--divider-pattern-size:20px;--divider-pattern-url:none;--divider-pattern-repeat:repeat-x}.elementor-widget-divider .elementor-divider{display:-webkit-box;display:-ms-flexbox;display:flex}.elementor-widget-divider .elementor-divider__text{font-size:15px;line-height:1;max-width:95%}.elementor-widget-divider .elementor-divider__element{margin:0 var(--divider-element-spacing);-ms-flex-negative:0;flex-shrink:0}.elementor-widget-divider .elementor-icon{font-size:var(--divider-icon-size)}.elementor-widget-divider .elementor-divider-separator{display:-webkit-box;display:-ms-flexbox;display:flex;margin:0;direction:ltr}.elementor-widget-divider--view-line_icon .elementor-divider-separator,.elementor-widget-divider--view-line_text .elementor-divider-separator{-webkit-box-align:center;-ms-flex-align:center;align-items:center}.elementor-widget-divider--view-line_icon .elementor-divider-separator:after,.elementor-widget-divider--view-line_icon .elementor-divider-separator:before,.elementor-widget-divider--view-line_text .elementor-divider-separator:after,.elementor-widget-divider--view-line_text .elementor-divider-separator:before{display:block;content:\"\";border-bottom:0;-webkit-box-flex:1;-ms-flex-positive:1;flex-grow:1;border-top:var(--divider-border-width) var(--divider-border-style) var(--divider-color)}.elementor-widget-divider--element-align-left .elementor-divider .elementor-divider-separator>.elementor-divider__svg:first-of-type{-webkit-box-flex:0;-ms-flex-positive:0;flex-grow:0;-ms-flex-negative:100;flex-shrink:100}.elementor-widget-divider--element-align-left .elementor-divider-separator:before{content:none}.elementor-widget-divider--element-align-left .elementor-divider__element{margin-left:0}.elementor-widget-divider--element-align-right .elementor-divider .elementor-divider-separator>.elementor-divider__svg:last-of-type{-webkit-box-flex:0;-ms-flex-positive:0;flex-grow:0;-ms-flex-negative:100;flex-shrink:100}.elementor-widget-divider--element-align-right .elementor-divider-separator:after{content:none}.elementor-widget-divider--element-align-right .elementor-divider__element{margin-right:0}.elementor-widget-divider:not(.elementor-widget-divider--view-line_text):not(.elementor-widget-divider--view-line_icon) .elementor-divider-separator{border-top:var(--divider-border-width) var(--divider-border-style) var(--divider-color)}.elementor-widget-divider--separator-type-pattern{--divider-border-style:none}.elementor-widget-divider--separator-type-pattern.elementor-widget-divider--view-line .elementor-divider-separator,.elementor-widget-divider--separator-type-pattern:not(.elementor-widget-divider--view-line) .elementor-divider-separator:after,.elementor-widget-divider--separator-type-pattern:not(.elementor-widget-divider--view-line) .elementor-divider-separator:before,.elementor-widget-divider--separator-type-pattern:not([class*=elementor-widget-divider--view]) .elementor-divider-separator{width:100%;min-height:var(--divider-pattern-height);-webkit-mask-size:var(--divider-pattern-size) 100%;mask-size:var(--divider-pattern-size) 100%;-webkit-mask-repeat:var(--divider-pattern-repeat);mask-repeat:var(--divider-pattern-repeat);background-color:var(--divider-color);-webkit-mask-image:var(--divider-pattern-url);mask-image:var(--divider-pattern-url)}.elementor-widget-divider--no-spacing{--divider-pattern-size:auto}.elementor-widget-divider--bg-round{--divider-pattern-repeat:round}.rtl .elementor-widget-divider .elementor-divider__text{direction:rtl}<\/style>\n<h2>Liderazgo<br \/>\n<\/h2>\n<p>Desde mi rol como gerente del IDEA he logrado aportarle a la reactivaci\u00f3n econ\u00f3mica de Antioquia, a partir del conocimeinto de las necesidades de las regiones.<\/p>\n<p>As\u00ed transformamos a Antioquia.<\/p>\n<p>\t\t\t<a href=\"#\" role=\"button\"><br \/>\n\t\t\t\t\t\tConoce m\u00e1s<br \/>\n\t\t\t\t\t<\/a><\/p>\n<h2>Academia<\/h2>\n<p>He dedicado buena parte de mi vida a investigar y publicar informaci\u00f3n acerca de temas relacionados con el desarrollo social.<\/p>\n<p>Te invito a conocer algunas de mis publicaciones.\u00a0<\/p>\n<p>\t\t\t<a href=\"#\" role=\"button\"><br \/>\n\t\t\t\t\t\tLee m\u00e1s<br \/>\n\t\t\t\t\t<\/a><\/p>\n<h2>Deporte<\/h2>\n<p>Soy un enamorado de la bicicleta. Gracias a la pr\u00e1ctica del ciclismo he aprendido que los procesos sociales deben tener un buen componente deportivo que garantice el desarrollo integral de la gente.<\/p>\n<p>\t\t\t<a href=\"#\" role=\"button\"><br \/>\n\t\t\t\t\t\t\u00bfCu\u00e1ndo rodamos?<br \/>\n\t\t\t\t\t<\/a><\/p>\n<h2><b>Mi historia<\/b><\/h2>\n<p>Soy un antioque\u00f1o enamorado de mi regi\u00f3n. Nac\u00ed en Belmira, la tierra del p\u00e1ramo, de la trucha, donde nace el agua.\u00a0\u00a1Soy orgullosamente belmire\u00f1o!<\/p>\n<p>Acabo de terminar mis estudios de doctorado en Econom\u00eda en la Universidad de La Coru\u00f1a, en Espa\u00f1a. Mi trabajo de grado \u201cgeograf\u00eda econ\u00f3mica y al desarrollo regional\u201d lo enfoqu\u00e9 al estudio de soluciones reales para superar la pobreza en Colombia.<\/p>\n<p>Durante mi gesti\u00f3n como gerente del IDEA, he tenido el reto de liderar la recuperaci\u00f3n econ\u00f3mica de Antioquia durante la crisis sanitaria y econ\u00f3mica generada por la pandemia. Junto con mi equipo de trabajo, dise\u00f1amos estrategias para reactivar la econom\u00eda de las entidades territoriales a trav\u00e9s de alivios y estrategias de trabajo conjunto.<\/p>\n<p>\t\t\t<a href=\"http:\/\/julianvasquez.com.co\/?page_id=20\" role=\"button\"><br \/>\n\t\t\t\t\t\tConoce m\u00e1s sobre m\u00ed<br \/>\n\t\t\t\t\t<\/a><\/p>\n<style>\/*! elementor - v3.6.5 - 27-04-2022 *\/\n.elementor-widget-image{text-align:center}.elementor-widget-image a{display:inline-block}.elementor-widget-image a img[src$=\".svg\"]{width:48px}.elementor-widget-image img{vertical-align:middle;display:inline-block}<\/style>\n<p>\t\t\t\t\t\t\t\t\t\t\t\t<img decoding=\"async\" width=\"684\" height=\"1024\" src=\"http:\/\/julianvasquez.com.co\/wp-content\/uploads\/2022\/04\/WhatsApp-Image-2022-04-06-at-2.13.45-PM-1-684x1024.jpeg\" alt=\"\" loading=\"lazy\" srcset=\"http:\/\/julianvasquez.com.co\/wp-content\/uploads\/2022\/04\/WhatsApp-Image-2022-04-06-at-2.13.45-PM-1-684x1024.jpeg 684w, http:\/\/julianvasquez.com.co\/wp-content\/uploads\/2022\/04\/WhatsApp-Image-2022-04-06-at-2.13.45-PM-1-200x300.jpeg 200w, http:\/\/julianvasquez.com.co\/wp-content\/uploads\/2022\/04\/WhatsApp-Image-2022-04-06-at-2.13.45-PM-1-768x1150.jpeg 768w, http:\/\/julianvasquez.com.co\/wp-content\/uploads\/2022\/04\/WhatsApp-Image-2022-04-06-at-2.13.45-PM-1.jpeg 855w\" sizes=\"auto, (max-width: 684px) 100vw, 684px\" \/>\t\t\t\t\t\t\t\t\t\t\t\t\t\t\t<\/p>\n<h2><b>BLOG<\/b><\/h2>\n<p>\t\t\t\t<img decoding=\"async\" src=\"http:\/\/2.gravatar.com\/avatar\/e266a2ba3c1a099556b90142e7822356?s=96&#038;d=mm&#038;r=g\"><br \/>\n\t\t\t\t<a href=\"http:\/\/julianvasquez.com.co\/?p=880\" rel=\"bookmark\">Instituciones que generen confianza<\/a>\t\t\t\t\t Colombia no es un fen\u00f3meno ajeno al panorama internacional, aunque s\u00ed m\u00e1s pronunciado en la desconfianza generalizada en la institucionalidad y en los l\u00edderes que la representan. Esta realidad esconde&hellip;<br \/>\n\t\t\t\t\t\tjulianvasquez | junio 6, 2022<br \/>\n\t\t\t\t\t\t<img decoding=\"async\" src=\"http:\/\/2.gravatar.com\/avatar\/e266a2ba3c1a099556b90142e7822356?s=96&#038;d=mm&#038;r=g\"><br \/>\n\t\t\t\t\t<a href=\"http:\/\/julianvasquez.com.co\/?p=875\" rel=\"bookmark\">N\u00f3madas digitales<\/a>\t\t\t\t\t\t El surgimiento de la sociedad basada en la informaci\u00f3n est\u00e1 generando una&hellip;<br \/>\n\t\t\t\t\t\tjulianvasquez | junio 6, 2022<br \/>\n\t\t\t\t\t\t<img decoding=\"async\" src=\"http:\/\/2.gravatar.com\/avatar\/e266a2ba3c1a099556b90142e7822356?s=96&#038;d=mm&#038;r=g\"><br \/>\n\t\t\t\t\t<a href=\"http:\/\/julianvasquez.com.co\/?p=848\" rel=\"bookmark\">Igualdad de g\u00e9nero en el uso del tiempo<\/a>\t\t\t\t\t\t El tiempo desde la antigua Grecia hasta Stephen Hawking ha sido materia&hellip;<br \/>\n\t\t\t\t\t\tjulianvasquez | junio 6, 2022<br \/>\n\t\t\t\t\t<img decoding=\"async\" src=\"http:\/\/2.gravatar.com\/avatar\/e266a2ba3c1a099556b90142e7822356?s=96&#038;d=mm&#038;r=g\"><br \/>\n\t\t\t\t<a href=\"http:\/\/julianvasquez.com.co\/?p=842\" rel=\"bookmark\">Los m\u00e1s ricos de toda la historia<\/a>\t\t\t\t\t Se est\u00e1 volviendo costumbre que toda manifestaci\u00f3n termine en enfrentamientos, destrucci\u00f3n de&hellip;<br \/>\n\t\t\t\t\t\t\t\t\tjulianvasquez | junio 6, 2022<br \/>\n\t\t\t\t\t<img decoding=\"async\" src=\"http:\/\/2.gravatar.com\/avatar\/e266a2ba3c1a099556b90142e7822356?s=96&#038;d=mm&#038;r=g\"><br \/>\n\t\t\t\t<a href=\"http:\/\/julianvasquez.com.co\/?p=839\" rel=\"bookmark\">Responsabilidad con el desarrollo<\/a>\t\t\t\t\t La actualizaci\u00f3n catastral cumple un papel trascendental en materia de ordenamiento territorial,&hellip;<br \/>\n\t\t\t\t\t\t\t\t\tjulianvasquez | junio 6, 2022<br \/>\n\t\t\t<a href=\"http:\/\/julianvasquez.com.co\/?page_id=855\" role=\"button\"><br \/>\n\t\t\t\t\t\tM\u00e1s art\u00edculos<br \/>\n\t\t\t\t\t<\/a><\/p>\n<style>\/*! elementor - v3.6.5 - 27-04-2022 *\/\n.e-container.e-container--row .elementor-spacer-inner{width:var(--spacer-size)}.e-container.e-container--column .elementor-spacer-inner,.elementor-column .elementor-spacer-inner{height:var(--spacer-size)}<\/style>\n<h2>Sigamos en contacto<\/h2>\n<h2><b>\u00bfTienes una idea para Antioquia?<\/b><\/h2>\n<p>\t\t\t<a href=\"http:\/\/wa.me\/+573213905302\" role=\"button\"><br \/>\n\t\t\t\t\t\tEscr\u00edbeme<br \/>\n\t\t\t\t\t<\/a><\/p>\n<style>\/*! elementor - v3.6.5 - 27-04-2022 *\/\n.elementor-widget-social-icons.elementor-grid-0 .elementor-widget-container,.elementor-widget-social-icons.elementor-grid-mobile-0 .elementor-widget-container,.elementor-widget-social-icons.elementor-grid-tablet-0 .elementor-widget-container{line-height:1;font-size:0}.elementor-widget-social-icons:not(.elementor-grid-0):not(.elementor-grid-tablet-0):not(.elementor-grid-mobile-0) .elementor-grid{display:inline-grid}.elementor-widget-social-icons .elementor-grid{grid-column-gap:var(--grid-column-gap,5px);grid-row-gap:var(--grid-row-gap,5px);grid-template-columns:var(--grid-template-columns);-webkit-box-pack:var(--justify-content,center);-ms-flex-pack:var(--justify-content,center);justify-content:var(--justify-content,center);justify-items:var(--justify-content,center)}.elementor-icon.elementor-social-icon{font-size:var(--icon-size,25px);line-height:var(--icon-size,25px);width:calc(var(--icon-size, 25px) + (2 * var(--icon-padding, .5em)));height:calc(var(--icon-size, 25px) + (2 * var(--icon-padding, .5em)))}.elementor-social-icon{--e-social-icon-icon-color:#fff;display:-webkit-inline-box;display:-ms-inline-flexbox;display:inline-flex;background-color:#818a91;-webkit-box-align:center;-ms-flex-align:center;align-items:center;-webkit-box-pack:center;-ms-flex-pack:center;justify-content:center;text-align:center;cursor:pointer}.elementor-social-icon i{color:var(--e-social-icon-icon-color)}.elementor-social-icon svg{fill:var(--e-social-icon-icon-color)}.elementor-social-icon:last-child{margin:0}.elementor-social-icon:hover{opacity:.9;color:#fff}.elementor-social-icon-android{background-color:#a4c639}.elementor-social-icon-apple{background-color:#999}.elementor-social-icon-behance{background-color:#1769ff}.elementor-social-icon-bitbucket{background-color:#205081}.elementor-social-icon-codepen{background-color:#000}.elementor-social-icon-delicious{background-color:#39f}.elementor-social-icon-deviantart{background-color:#05cc47}.elementor-social-icon-digg{background-color:#005be2}.elementor-social-icon-dribbble{background-color:#ea4c89}.elementor-social-icon-elementor{background-color:#d30c5c}.elementor-social-icon-envelope{background-color:#ea4335}.elementor-social-icon-facebook,.elementor-social-icon-facebook-f{background-color:#3b5998}.elementor-social-icon-flickr{background-color:#0063dc}.elementor-social-icon-foursquare{background-color:#2d5be3}.elementor-social-icon-free-code-camp,.elementor-social-icon-freecodecamp{background-color:#006400}.elementor-social-icon-github{background-color:#333}.elementor-social-icon-gitlab{background-color:#e24329}.elementor-social-icon-globe{background-color:#818a91}.elementor-social-icon-google-plus,.elementor-social-icon-google-plus-g{background-color:#dd4b39}.elementor-social-icon-houzz{background-color:#7ac142}.elementor-social-icon-instagram{background-color:#262626}.elementor-social-icon-jsfiddle{background-color:#487aa2}.elementor-social-icon-link{background-color:#818a91}.elementor-social-icon-linkedin,.elementor-social-icon-linkedin-in{background-color:#0077b5}.elementor-social-icon-medium{background-color:#00ab6b}.elementor-social-icon-meetup{background-color:#ec1c40}.elementor-social-icon-mixcloud{background-color:#273a4b}.elementor-social-icon-odnoklassniki{background-color:#f4731c}.elementor-social-icon-pinterest{background-color:#bd081c}.elementor-social-icon-product-hunt{background-color:#da552f}.elementor-social-icon-reddit{background-color:#ff4500}.elementor-social-icon-rss{background-color:#f26522}.elementor-social-icon-shopping-cart{background-color:#4caf50}.elementor-social-icon-skype{background-color:#00aff0}.elementor-social-icon-slideshare{background-color:#0077b5}.elementor-social-icon-snapchat{background-color:#fffc00}.elementor-social-icon-soundcloud{background-color:#f80}.elementor-social-icon-spotify{background-color:#2ebd59}.elementor-social-icon-stack-overflow{background-color:#fe7a15}.elementor-social-icon-steam{background-color:#00adee}.elementor-social-icon-stumbleupon{background-color:#eb4924}.elementor-social-icon-telegram{background-color:#2ca5e0}.elementor-social-icon-thumb-tack{background-color:#1aa1d8}.elementor-social-icon-tripadvisor{background-color:#589442}.elementor-social-icon-tumblr{background-color:#35465c}.elementor-social-icon-twitch{background-color:#6441a5}.elementor-social-icon-twitter{background-color:#1da1f2}.elementor-social-icon-viber{background-color:#665cac}.elementor-social-icon-vimeo{background-color:#1ab7ea}.elementor-social-icon-vk{background-color:#45668e}.elementor-social-icon-weibo{background-color:#dd2430}.elementor-social-icon-weixin{background-color:#31a918}.elementor-social-icon-whatsapp{background-color:#25d366}.elementor-social-icon-wordpress{background-color:#21759b}.elementor-social-icon-xing{background-color:#026466}.elementor-social-icon-yelp{background-color:#af0606}.elementor-social-icon-youtube{background-color:#cd201f}.elementor-social-icon-500px{background-color:#0099e5}.elementor-shape-rounded .elementor-icon.elementor-social-icon{border-radius:10%}.elementor-shape-circle .elementor-icon.elementor-social-icon{border-radius:50%}<\/style>\n<p>\t\t\t\t\t<a href=\"https:\/\/www.facebook.com\/JulianVasquezRoldan\"><br \/>\n\t\t\t\t\t\tFacebook-f<br \/>\n\t\t\t\t\t\t\t\t\t\t\t<\/a><br \/>\n\t\t\t\t\t<a href=\"https:\/\/twitter.com\/JulianVasquez_R\"><br \/>\n\t\t\t\t\t\tTwitter<br \/>\n\t\t\t\t\t\t\t\t\t\t\t<\/a><br \/>\n\t\t\t\t\t<a href=\"https:\/\/www.instagram.com\/JulianVasquez_R\/\" target=\"_blank\" rel=\"noopener\"><br \/>\n\t\t\t\t\t\tInstagram<br \/>\n\t\t\t\t\t\t\t\t\t\t\t<\/a><\/p>\n<h2>S\u00edgueme en redes sociales<\/h2>\n","protected":false},"excerpt":{"rendered":"<p>Construyamos juntos una Antioquia con oportunidades Antioquia est\u00e1 en un momento decisivo de su historia. Tenemos la oportunidad de transformar nuestras capacidades en desarrollo social y equidad, pero eso solo lo lograremos si trabajamos unidos por el futuro de nuestro departamento. Quiero aportar una Idea Ideas para el futuro Liderazgo Desde mi rol como gerente &hellip;<\/p>\n<p class=\"read-more\"> <a class=\"\" href=\"https:\/\/julianvasquez.com.co\/\"> <span class=\"screen-reader-text\">Inicio<\/span> Read More &raquo;<\/a><\/p>\n","protected":false},"author":1,"featured_media":0,"parent":0,"menu_order":0,"comment_status":"closed","ping_status":"closed","template":"","meta":{"om_disable_all_campaigns":false,"_monsterinsights_skip_tracking":false,"_monsterinsights_sitenote_active":false,"_monsterinsights_sitenote_note":"","_monsterinsights_sitenote_category":0,"site-sidebar-layout":"no-sidebar","site-content-layout":"page-builder","ast-global-header-display":"","ast-main-header-display":"","ast-hfb-above-header-display":"","ast-hfb-below-header-display":"","ast-hfb-mobile-header-display":"","site-post-title":"disabled","ast-breadcrumbs-content":"","ast-featured-img":"disabled","footer-sml-layout":"","theme-transparent-header-meta":"","adv-header-id-meta":"","stick-header-meta":"","header-above-stick-meta":"","header-main-stick-meta":"","header-below-stick-meta":"","footnotes":""},"class_list":["post-544","page","type-page","status-publish","hentry"],"_links":{"self":[{"href":"https:\/\/julianvasquez.com.co\/index.php?rest_route=\/wp\/v2\/pages\/544","targetHints":{"allow":["GET"]}}],"collection":[{"href":"https:\/\/julianvasquez.com.co\/index.php?rest_route=\/wp\/v2\/pages"}],"about":[{"href":"https:\/\/julianvasquez.com.co\/index.php?rest_route=\/wp\/v2\/types\/page"}],"author":[{"embeddable":true,"href":"https:\/\/julianvasquez.com.co\/index.php?rest_route=\/wp\/v2\/users\/1"}],"replies":[{"embeddable":true,"href":"https:\/\/julianvasquez.com.co\/index.php?rest_route=%2Fwp%2Fv2%2Fcomments&post=544"}],"version-history":[{"count":125,"href":"https:\/\/julianvasquez.com.co\/index.php?rest_route=\/wp\/v2\/pages\/544\/revisions"}],"predecessor-version":[{"id":901,"href":"https:\/\/julianvasquez.com.co\/index.php?rest_route=\/wp\/v2\/pages\/544\/revisions\/901"}],"wp:attachment":[{"href":"https:\/\/julianvasquez.com.co\/index.php?rest_route=%2Fwp%2Fv2%2Fmedia&parent=544"}],"curies":[{"name":"wp","href":"https:\/\/api.w.org\/{rel}","templated":true}]}}